{"id":921,"date":"2019-03-07T10:09:39","date_gmt":"2019-03-07T09:09:39","guid":{"rendered":"http:\/\/lyceedelaulne.fr\/?page_id=921"},"modified":"2020-02-03T16:39:33","modified_gmt":"2020-02-03T15:39:33","slug":"unss","status":"publish","type":"page","link":"https:\/\/lyceedelaulne.fr\/?page_id=921","title":{"rendered":"Association sportive"},"content":{"rendered":"\t\t<div data-elementor-type=\"wp-post\" data-elementor-id=\"921\" class=\"elementor elementor-921\">\n\t\t\t\t\t\t<section class=\"elementor-section elementor-top-section elementor-element elementor-element-bc02991 elementor-section-boxed elementor-section-height-default elementor-section-height-default\" data-id=\"bc02991\" data-element_type=\"section\" data-e-type=\"section\">\n\t\t\t\t\t\t<div class=\"elementor-container elementor-column-gap-default\">\n\t\t\t\t\t<div class=\"elementor-column elementor-col-100 elementor-top-column elementor-element elementor-element-bc516a1\" data-id=\"bc516a1\" data-element_type=\"column\" data-e-type=\"column\">\n\t\t\t<div class=\"elementor-widget-wrap elementor-element-populated\">\n\t\t\t\t\t\t<div class=\"elementor-element elementor-element-1832283 elementor-widget elementor-widget-text-editor\" data-id=\"1832283\" data-element_type=\"widget\" data-e-type=\"widget\" data-widget_type=\"text-editor.default\">\n\t\t\t\t<div class=\"elementor-widget-container\">\n\t\t\t\t\t\t\t\t\t<p><em>En dehors des cours d&rsquo;EPS, l&rsquo;association sportive du lyc\u00e9e de l\u2019Aulne constitue un lieu privil\u00e9gi\u00e9 o\u00f9 il est possible d&rsquo;offrir aux \u00e9l\u00e8ves \u00e0 la fois une pratique de loisir ou de comp\u00e9tition dans le cadre de l\u2019UNSS.<\/em><\/p><p><em>Chacun peut en effet venir pratiquer selon ses aspirations ou venir tout simplement \u00e0 plusieurs pour partager ensemble des moments sportifs.<\/em><\/p><p><strong>l&rsquo;Association Sportive (AS)<\/strong><\/p><p>L&rsquo;AS permet \u00e0 chacun :<\/p><ul><li style=\"list-style-type: none;\"><ul><li><em>de pratiquer pour un coup mod\u00e9r\u00e9 de multiples activit\u00e9s sportives <\/em><\/li><li><em>de d\u00e9fendre les couleurs de l&rsquo;\u00e9tablissement<\/em><\/li><li><em>de se d\u00e9couvrir et d\u00e9couvrir les autres \u00e0 travers la pratique d&rsquo;activit\u00e9s n\u00e9cessitant l&rsquo;entraide, le respect et le d\u00e9passement de soi<\/em><\/li><li><em>de d\u00e9velopper diff\u00e9rents types de responsabilit\u00e9 : arbitrage, coaching gestion du mat\u00e9riel, reporter sportif, prise de responsabilit\u00e9s dans une association.<\/em><\/li><\/ul><\/li><\/ul><p><strong>L&rsquo;essentiel \u00e9tant de faire de l&rsquo;AS\u00a0un lieu de rencontre, d&rsquo;\u00e9change et de convivialit\u00e9 entre \u00e9l\u00e8ves<\/strong><\/p>\t\t\t\t\t\t\t\t<\/div>\n\t\t\t\t<\/div>\n\t\t\t\t\t<\/div>\n\t\t<\/div>\n\t\t\t\t\t<\/div>\n\t\t<\/section>\n\t\t\t\t<section class=\"elementor-section elementor-top-section elementor-element elementor-element-bf2c530 elementor-section-boxed elementor-section-height-default elementor-section-height-default\" data-id=\"bf2c530\" data-element_type=\"section\" data-e-type=\"section\">\n\t\t\t\t\t\t<div class=\"elementor-container elementor-column-gap-default\">\n\t\t\t\t\t<div class=\"elementor-column elementor-col-100 elementor-top-column elementor-element elementor-element-d607727\" data-id=\"d607727\" data-element_type=\"column\" data-e-type=\"column\">\n\t\t\t<div class=\"elementor-widget-wrap elementor-element-populated\">\n\t\t\t\t\t\t<div class=\"elementor-element elementor-element-2700050 elementor-widget elementor-widget-text-editor\" data-id=\"2700050\" data-element_type=\"widget\" data-e-type=\"widget\" data-widget_type=\"text-editor.default\">\n\t\t\t\t<div class=\"elementor-widget-container\">\n\t\t\t\t\t\t\t\t\t<p><strong>ACTIVITES ANNUELLES<\/strong><\/p>\t\t\t\t\t\t\t\t<\/div>\n\t\t\t\t<\/div>\n\t\t\t\t\t<\/div>\n\t\t<\/div>\n\t\t\t\t\t<\/div>\n\t\t<\/section>\n\t\t\t\t<section class=\"elementor-section elementor-top-section elementor-element elementor-element-2d45745 elementor-section-boxed elementor-section-height-default elementor-section-height-default\" data-id=\"2d45745\" data-element_type=\"section\" data-e-type=\"section\">\n\t\t\t\t\t\t<div class=\"elementor-container elementor-column-gap-default\">\n\t\t\t\t\t<div class=\"elementor-column elementor-col-50 elementor-top-column elementor-element elementor-element-e7ec630\" data-id=\"e7ec630\" data-element_type=\"column\" data-e-type=\"column\">\n\t\t\t<div class=\"elementor-widget-wrap elementor-element-populated\">\n\t\t\t\t\t\t<div class=\"elementor-element elementor-element-28cbf7c elementor-widget elementor-widget-text-editor\" data-id=\"28cbf7c\" data-element_type=\"widget\" data-e-type=\"widget\" data-widget_type=\"text-editor.default\">\n\t\t\t\t<div class=\"elementor-widget-container\">\n\t\t\t\t\t\t\t\t\t<p>Les activit\u00e9s ont lieu tout au long de la semaine :<\/p><ul><li style=\"list-style-type: none;\"><ul><li><strong><em>tir \u00e0 l\u2019arc : <\/em><\/strong><em>encadr\u00e9 par M. Quideau, le lundi soir 17h15-18h30, gymnase du lyc\u00e9e.<\/em><\/li><li><strong><em>futsal : <\/em><\/strong><em>encadr\u00e9 par M Quideau \u00a0le mercredi 12h15 \u2013 13h15, salle Mao<\/em><\/li><li><strong><em>renforcement musculaire : <\/em><\/strong><em>encadr\u00e9 par M Chesnais \u00a0les mardi et jeudi midi.12h15 13h gymnase du lyc\u00e9e<\/em><\/li><li><strong><em>Streching : <\/em><\/strong><em>encadr\u00e9 par M Chesnais, 12h15 &#8211; 13h, gymnase du lyc\u00e9e<\/em><\/li><\/ul><\/li><\/ul>\t\t\t\t\t\t\t\t<\/div>\n\t\t\t\t<\/div>\n\t\t\t\t\t<\/div>\n\t\t<\/div>\n\t\t\t\t<div class=\"elementor-column elementor-col-50 elementor-top-column elementor-element elementor-element-a01cf5f\" data-id=\"a01cf5f\" data-element_type=\"column\" data-e-type=\"column\">\n\t\t\t<div class=\"elementor-widget-wrap elementor-element-populated\">\n\t\t\t\t\t\t<div class=\"elementor-element elementor-element-9ccf975 elementor-widget elementor-widget-image\" data-id=\"9ccf975\" data-element_type=\"widget\" data-e-type=\"widget\" data-widget_type=\"image.default\">\n\t\t\t\t<div class=\"elementor-widget-container\">\n\t\t\t\t\t\t\t\t\t\t\t\t\t\t\t<img fetchpriority=\"high\" decoding=\"async\" width=\"360\" height=\"270\" src=\"https:\/\/lyceedelaulne.fr\/wp-content\/uploads\/2019\/11\/IMG_3963-360x270.jpg\" class=\"attachment-education-mind-thumb size-education-mind-thumb wp-image-3551\" alt=\"Lyc\u00e9e de l&#039;Aulne Ch\u00e2teaulin Association sportive\" srcset=\"https:\/\/lyceedelaulne.fr\/wp-content\/uploads\/2019\/11\/IMG_3963-360x270.jpg 360w, https:\/\/lyceedelaulne.fr\/wp-content\/uploads\/2019\/11\/IMG_3963-300x225.jpg 300w, https:\/\/lyceedelaulne.fr\/wp-content\/uploads\/2019\/11\/IMG_3963-768x576.jpg 768w, https:\/\/lyceedelaulne.fr\/wp-content\/uploads\/2019\/11\/IMG_3963-1024x768.jpg 1024w\" sizes=\"(max-width: 360px) 100vw, 360px\" \/>\t\t\t\t\t\t\t\t\t\t\t\t\t\t\t<\/div>\n\t\t\t\t<\/div>\n\t\t\t\t\t<\/div>\n\t\t<\/div>\n\t\t\t\t\t<\/div>\n\t\t<\/section>\n\t\t\t\t<section class=\"elementor-section elementor-top-section elementor-element elementor-element-b2a4aaa elementor-section-boxed elementor-section-height-default elementor-section-height-default\" data-id=\"b2a4aaa\" data-element_type=\"section\" data-e-type=\"section\">\n\t\t\t\t\t\t<div class=\"elementor-container elementor-column-gap-default\">\n\t\t\t\t\t<div class=\"elementor-column elementor-col-100 elementor-top-column elementor-element elementor-element-df2c823\" data-id=\"df2c823\" data-element_type=\"column\" data-e-type=\"column\">\n\t\t\t<div class=\"elementor-widget-wrap elementor-element-populated\">\n\t\t\t\t\t\t<div class=\"elementor-element elementor-element-0618d55 elementor-widget elementor-widget-text-editor\" data-id=\"0618d55\" data-element_type=\"widget\" data-e-type=\"widget\" data-widget_type=\"text-editor.default\">\n\t\t\t\t<div class=\"elementor-widget-container\">\n\t\t\t\t\t\t\t\t\t<p><strong>ACTIVITES SAISONNIERES<\/strong><\/p>\t\t\t\t\t\t\t\t<\/div>\n\t\t\t\t<\/div>\n\t\t\t\t\t<\/div>\n\t\t<\/div>\n\t\t\t\t\t<\/div>\n\t\t<\/section>\n\t\t\t\t<section class=\"elementor-section elementor-top-section elementor-element elementor-element-a07414f elementor-section-boxed elementor-section-height-default elementor-section-height-default\" data-id=\"a07414f\" data-element_type=\"section\" data-e-type=\"section\">\n\t\t\t\t\t\t<div class=\"elementor-container elementor-column-gap-default\">\n\t\t\t\t\t<div class=\"elementor-column elementor-col-50 elementor-top-column elementor-element elementor-element-a82b36e\" data-id=\"a82b36e\" data-element_type=\"column\" data-e-type=\"column\">\n\t\t\t<div class=\"elementor-widget-wrap elementor-element-populated\">\n\t\t\t\t\t\t<div class=\"elementor-element elementor-element-305054e elementor-widget elementor-widget-image\" data-id=\"305054e\" data-element_type=\"widget\" data-e-type=\"widget\" data-widget_type=\"image.default\">\n\t\t\t\t<div class=\"elementor-widget-container\">\n\t\t\t\t\t\t\t\t\t\t\t\t\t\t\t<img decoding=\"async\" src=\"https:\/\/lyceedelaulne.fr\/wp-content\/uploads\/2019\/10\/IMG_3896.png\" title=\"Lyc\u00e9e de l&rsquo;Aulne Voyage gl\u00e9nan 8\" alt=\"Lyc\u00e9e de l&#039;Aulne Voyage gl\u00e9nan 8\" loading=\"lazy\" \/>\t\t\t\t\t\t\t\t\t\t\t\t\t\t\t<\/div>\n\t\t\t\t<\/div>\n\t\t\t\t\t<\/div>\n\t\t<\/div>\n\t\t\t\t<div class=\"elementor-column elementor-col-50 elementor-top-column elementor-element elementor-element-c0ac068\" data-id=\"c0ac068\" data-element_type=\"column\" data-e-type=\"column\">\n\t\t\t<div class=\"elementor-widget-wrap elementor-element-populated\">\n\t\t\t\t\t\t<div class=\"elementor-element elementor-element-845d903 elementor-widget elementor-widget-text-editor\" data-id=\"845d903\" data-element_type=\"widget\" data-e-type=\"widget\" data-widget_type=\"text-editor.default\">\n\t\t\t\t<div class=\"elementor-widget-container\">\n\t\t\t\t\t\t\t\t\t<p>De septembre \u00e0 la Toussaint et de mai \u00e0 la fin de l&rsquo;ann\u00e9e scolaire :<\/p><ul><li style=\"list-style-type: none;\"><ul><li><strong><em>char \u00e0 voile ,kayak, paddle, marche aquatique, <\/em><\/strong><em>plages de Pentrez ou sur l\u2019Aulne 12h30 16h30<\/em><\/li><li><strong><em>Plong\u00e9e sous marine. <\/em><\/strong><em>Depuis 25 ans nous proposons une initiation \u00e0 la plong\u00e9e sous marine sur l\u2019archipel des Gl\u00e9nan ( sud Finist\u00e8re )<\/em><\/li><\/ul><\/li><\/ul>\t\t\t\t\t\t\t\t<\/div>\n\t\t\t\t<\/div>\n\t\t\t\t\t<\/div>\n\t\t<\/div>\n\t\t\t\t\t<\/div>\n\t\t<\/section>\n\t\t\t\t<section class=\"elementor-section elementor-top-section elementor-element elementor-element-cb45979 elementor-section-boxed elementor-section-height-default elementor-section-height-default\" data-id=\"cb45979\" data-element_type=\"section\" data-e-type=\"section\">\n\t\t\t\t\t\t<div class=\"elementor-container elementor-column-gap-default\">\n\t\t\t\t\t<div class=\"elementor-column elementor-col-100 elementor-top-column elementor-element elementor-element-ecfbb01\" data-id=\"ecfbb01\" data-element_type=\"column\" data-e-type=\"column\">\n\t\t\t<div class=\"elementor-widget-wrap\">\n\t\t\t\t\t\t\t<\/div>\n\t\t<\/div>\n\t\t\t\t\t<\/div>\n\t\t<\/section>\n\t\t\t\t<section class=\"elementor-section elementor-top-section elementor-element elementor-element-acdaee8 elementor-section-boxed elementor-section-height-default elementor-section-height-default\" data-id=\"acdaee8\" data-element_type=\"section\" data-e-type=\"section\">\n\t\t\t\t\t\t<div class=\"elementor-container elementor-column-gap-default\">\n\t\t\t\t\t<div class=\"elementor-column elementor-col-50 elementor-top-column elementor-element elementor-element-14e79db\" data-id=\"14e79db\" data-element_type=\"column\" data-e-type=\"column\">\n\t\t\t<div class=\"elementor-widget-wrap elementor-element-populated\">\n\t\t\t\t\t\t<div class=\"elementor-element elementor-element-76d2879 elementor-widget elementor-widget-text-editor\" data-id=\"76d2879\" data-element_type=\"widget\" data-e-type=\"widget\" data-widget_type=\"text-editor.default\">\n\t\t\t\t<div class=\"elementor-widget-container\">\n\t\t\t\t\t\t\t\t\t<p><strong>ACTIVITES PONCTUELLES LE MERCREDI<\/strong><\/p>\t\t\t\t\t\t\t\t<\/div>\n\t\t\t\t<\/div>\n\t\t\t\t\t<\/div>\n\t\t<\/div>\n\t\t\t\t<div class=\"elementor-column elementor-col-50 elementor-top-column elementor-element elementor-element-1948dcf\" data-id=\"1948dcf\" data-element_type=\"column\" data-e-type=\"column\">\n\t\t\t<div class=\"elementor-widget-wrap elementor-element-populated\">\n\t\t\t\t\t\t<div class=\"elementor-element elementor-element-4e20804 elementor-widget elementor-widget-text-editor\" data-id=\"4e20804\" data-element_type=\"widget\" data-e-type=\"widget\" data-widget_type=\"text-editor.default\">\n\t\t\t\t<div class=\"elementor-widget-container\">\n\t\t\t\t\t\t\t\t\t<p><strong>COMMENT ADHERER A L&rsquo;A.S. ?<\/strong><\/p>\t\t\t\t\t\t\t\t<\/div>\n\t\t\t\t<\/div>\n\t\t\t\t\t<\/div>\n\t\t<\/div>\n\t\t\t\t\t<\/div>\n\t\t<\/section>\n\t\t\t\t<section class=\"elementor-section elementor-top-section elementor-element elementor-element-5443f96 elementor-section-boxed elementor-section-height-default elementor-section-height-default\" data-id=\"5443f96\" data-element_type=\"section\" data-e-type=\"section\">\n\t\t\t\t\t\t<div class=\"elementor-container elementor-column-gap-default\">\n\t\t\t\t\t<div class=\"elementor-column elementor-col-50 elementor-top-column elementor-element elementor-element-6852a1b\" data-id=\"6852a1b\" data-element_type=\"column\" data-e-type=\"column\" data-settings=\"{&quot;background_background&quot;:&quot;classic&quot;}\">\n\t\t\t<div class=\"elementor-widget-wrap elementor-element-populated\">\n\t\t\t\t\t\t<div class=\"elementor-element elementor-element-333b2c1 elementor-widget elementor-widget-text-editor\" data-id=\"333b2c1\" data-element_type=\"widget\" data-e-type=\"widget\" data-widget_type=\"text-editor.default\">\n\t\t\t\t<div class=\"elementor-widget-container\">\n\t\t\t\t\t\t\t\t\t<p><em>Chaque ann\u00e9e en fonction des effectifs et de vos motivations nous inscrivons nos \u00e9quipes dans le championnat UNSS.<\/em><\/p><p><em>\u00a0<\/em><span style=\"color: #000080;\"><a style=\"color: #000080;\" href=\"http:\/\/lyceedelaulne.fr\/wp-content\/uploads\/2019\/11\/Planning-AS-2019.pdf\" target=\"_blank\" rel=\"noopener\"><em>LIEN CALENDRIER \u00a0UNSS 2019\/2020<\/em><\/a><\/span><\/p><p><strong><em>NB :<\/em><\/strong><em>\u00a0Si vous souhaitez participer \u00e0 d&rsquo;autres activit\u00e9s UNSS en comp\u00e9tition, contactez un professeur d&rsquo;EPS.<\/em><\/p>\t\t\t\t\t\t\t\t<\/div>\n\t\t\t\t<\/div>\n\t\t\t\t\t<\/div>\n\t\t<\/div>\n\t\t\t\t<div class=\"elementor-column elementor-col-50 elementor-top-column elementor-element elementor-element-b4ac5b9\" data-id=\"b4ac5b9\" data-element_type=\"column\" data-e-type=\"column\">\n\t\t\t<div class=\"elementor-widget-wrap elementor-element-populated\">\n\t\t\t\t\t\t<div class=\"elementor-element elementor-element-3c27185 elementor-widget elementor-widget-text-editor\" data-id=\"3c27185\" data-element_type=\"widget\" data-e-type=\"widget\" data-widget_type=\"text-editor.default\">\n\t\t\t\t<div class=\"elementor-widget-container\">\n\t\t\t\t\t\t\t\t\t<p>Pour s&rsquo;inscrire, c\u2019est simple, l\u2019adh\u00e9sion \u00e0 l\u2019A.S. et \u00e0 l\u2019ALESA (association culturelle du lyc\u00e9e) est commune.<\/p><p>Pour 21\u20ac, vous b\u00e9n\u00e9ficiez du service des deux associations, licence UNSS comprise.<\/p><p>Pi\u00e8ces \u00e0 fournir :<\/p><ul><li style=\"list-style-type: none;\"><ul><li><em>un certificat m\u00e9dical de non contre-indication \u00e0 la pratique sportive<\/em><\/li><li><em>une autorisation parentale<\/em><\/li><\/ul><\/li><\/ul><p><em>\u00a0<\/em><em>La licence est une licence omnisport : elle est donc valable toute l&rsquo;ann\u00e9e pour toutes les activit\u00e9s.<\/em><\/p><p><strong>Documents \u00e0 t\u00e9l\u00e9charger<\/strong><\/p><p><span style=\"color: #000080;\"><a style=\"color: #000080;\" href=\"http:\/\/lyceedelaulne.fr\/wp-content\/uploads\/2019\/11\/UNSS-Livret-pages-1-2-3-et-4-version2.pdf\" target=\"_blank\" rel=\"noopener\">FICHE INFO DU DOSSIER INSCRIPTION<\/a><\/span><\/p><p><span style=\"color: #000080;\"><a style=\"color: #000080;\" href=\"http:\/\/lyceedelaulne.fr\/wp-content\/uploads\/2019\/11\/Courrier2-Gl\u00e9nan-AS2019.pdf\" target=\"_blank\" rel=\"noopener\">DOC STAGE PLONGEE<\/a><\/span><\/p>\t\t\t\t\t\t\t\t<\/div>\n\t\t\t\t<\/div>\n\t\t\t\t\t<\/div>\n\t\t<\/div>\n\t\t\t\t\t<\/div>\n\t\t<\/section>\n\t\t\t\t<section class=\"elementor-section elementor-top-section elementor-element elementor-element-0ae3963 elementor-section-boxed elementor-section-height-default elementor-section-height-default\" data-id=\"0ae3963\" data-element_type=\"section\" data-e-type=\"section\">\n\t\t\t\t\t\t<div class=\"elementor-container elementor-column-gap-default\">\n\t\t\t\t\t<div class=\"elementor-column elementor-col-100 elementor-top-column elementor-element elementor-element-d639841\" data-id=\"d639841\" data-element_type=\"column\" data-e-type=\"column\">\n\t\t\t<div class=\"elementor-widget-wrap elementor-element-populated\">\n\t\t\t\t\t\t<div class=\"elementor-element elementor-element-8a40eca elementor-align-center elementor-widget__width-auto elementor-widget elementor-widget-button\" data-id=\"8a40eca\" data-element_type=\"widget\" data-e-type=\"widget\" data-widget_type=\"button.default\">\n\t\t\t\t<div class=\"elementor-widget-container\">\n\t\t\t\t\t\t\t\t\t<div class=\"elementor-button-wrapper\">\n\t\t\t\t\t<a class=\"elementor-button elementor-button-link elementor-size-sm\" href=\"http:\/\/lyceedelaulne.fr\/?cat=12\" target=\"_blank\">\n\t\t\t\t\t\t<span class=\"elementor-button-content-wrapper\">\n\t\t\t\t\t\t<span class=\"elementor-button-icon\">\n\t\t\t\t\t\t\t\t\t<i class=\"fa fa-arrow-circle-right\" aria-hidden=\"true\"><\/i>\n\t\t\t\t\t\t\t<\/span>\n\t\t\t\t\t\t\t\t\t<span class=\"elementor-button-text\">Actualit\u00e9s sportives du lyc\u00e9e<\/span>\n\t\t\t\t\t<\/span>\n\t\t\t\t\t<\/a>\n\t\t\t\t<\/div>\n\t\t\t\t\t\t\t\t<\/div>\n\t\t\t\t<\/div>\n\t\t\t\t\t<\/div>\n\t\t<\/div>\n\t\t\t\t\t<\/div>\n\t\t<\/section>\n\t\t\t\t<\/div>\n\t\t","protected":false},"excerpt":{"rendered":"<p>En dehors des cours d&rsquo;EPS, l&rsquo;association sportive du lyc\u00e9e de l\u2019Aulne constitue un lieu privil\u00e9gi\u00e9 o\u00f9 il est possible d&rsquo;offrir aux \u00e9l\u00e8ves \u00e0 la fois une pratique de loisir ou de comp\u00e9tition dans le cadre de l\u2019UNSS. Chacun peut en&hellip;&nbsp;<a href=\"https:\/\/lyceedelaulne.fr\/?page_id=921\" class=\"more-link\">Lire la suite<\/a><\/p>\n","protected":false},"author":1,"featured_media":0,"parent":0,"menu_order":0,"comment_status":"closed","ping_status":"closed","template":"","meta":{"footnotes":""},"class_list":["post-921","page","type-page","status-publish","hentry"],"_links":{"self":[{"href":"https:\/\/lyceedelaulne.fr\/index.php?rest_route=\/wp\/v2\/pages\/921","targetHints":{"allow":["GET"]}}],"collection":[{"href":"https:\/\/lyceedelaulne.fr\/index.php?rest_route=\/wp\/v2\/pages"}],"about":[{"href":"https:\/\/lyceedelaulne.fr\/index.php?rest_route=\/wp\/v2\/types\/page"}],"author":[{"embeddable":true,"href":"https:\/\/lyceedelaulne.fr\/index.php?rest_route=\/wp\/v2\/users\/1"}],"replies":[{"embeddable":true,"href":"https:\/\/lyceedelaulne.fr\/index.php?rest_route=%2Fwp%2Fv2%2Fcomments&post=921"}],"version-history":[{"count":16,"href":"https:\/\/lyceedelaulne.fr\/index.php?rest_route=\/wp\/v2\/pages\/921\/revisions"}],"predecessor-version":[{"id":4037,"href":"https:\/\/lyceedelaulne.fr\/index.php?rest_route=\/wp\/v2\/pages\/921\/revisions\/4037"}],"wp:attachment":[{"href":"https:\/\/lyceedelaulne.fr\/index.php?rest_route=%2Fwp%2Fv2%2Fmedia&parent=921"}],"curies":[{"name":"wp","href":"https:\/\/api.w.org\/{rel}","templated":true}]}}